 j(u) = -27*u - 4212. Calculate j(-157).
27
Let d(n) = -5*n**2 - 60*n - 94. Give d(-10).
6
Let t(u) = -746*u - 6682. Calculate t(-9).
32
Let b(d) = -2738*d + 16441. Calculate b(6).
13
Let r(i) = -i**2 - 48*i + 1278. Determine r(19).
5
Let g(h) = 98*h - 71. Calculate g(1).
27
Let t(x) = 2*x**2 + 5*x - 46. What is t(-7)?
17
Let p(s) = s**2 - 285*s - 3269. What is p(-11)?
-13
Let s(k) = -k**2 - 724*k + 138320. Give s(157).
3
Let o(n) = 39*n + 427. Determine o(-10).
37
Let k(r) = r**3 - 42*r**2 + 299*r - 48. Give k(33).
18
Let w(n) = n**2 - 247*n + 5190. Determine w(23).
38
Let x(f) = f**3 + 6*f**2 + 10*f + 73. What is x(-6)?
13
Let p(y) = 16*y + 350. What is p(-26)?
-66
Let r(p) = p**2 - 44*p - 223. What is r(46)?
-131
Let f(h) = 16*h + 76. Determine f(-7).
-36
Let s(x) = -49*x + 40. Calculate s(0).
40
Let y(j) = 3*j**2 + 122*j + 1140. Calculate y(-26).
-4
Let g(q) = -q**3 - 4*q**2 + 42*q + 30. Give g(-7).
-117
Let c(h) = -200*h**2 - 4799*h + 24. What is c(-24)?
0
Let c(s) = 14*s**2 + 2253*s - 99. Calculate c(-161).
62
Let j(a) = -9*a**2 - 127*a - 201. Give j(-2).
17
Let o(s) = 6*s**2 - 68*s + 18. Determine o(11).
-4
Let u(b) = -2*b**3 - 17*b**2 + 50*b - 14. Calculate u(3).
-71
Let r(x) = -x**3 + 146*x**2 + 296*x - 8. What is r(148)?
-8
Let a(l) = 9*l**2 - 449*l - 453. What is a(51)?
57
Let d(w) = -6*w**2 - 112*w + 310. Give d(-21).
16
Let c(s) = 81*s - 249. Calculate c(3).
-6
Let r(n) = -13*n**2 - 16*n + 80. Calculate r(-4).
-64
Let p(g) = -g**3 - 28*g**2 - 25*g - 43. Give p(-28).
657
Let l(t) = 1516*t + 9070. Give l(-6).
-26
Let b(o) = 2*o**2 + o - 2. Give b(-3).
13
Let s(d) = -47*d**2 + 70*d + 232. Calculate s(-3).
-401
Let n(h) = h**3 - 7*h**2 - 100*h + 740. Calculate n(7).
40
Let t(f) = f**3 + 40*f**2 - 31*f - 4069. Determine t(-38).
-3
Let x(z) = z**3 + 7*z**2 + 12*z - 29. Calculate x(-3).
-29
Let o(f) = 7*f - 177. Determine o(25).
-2
Let v(w) = 8*w**3 - 7*w**2 - 18*w. Give v(-2).
-56
Let i(q) = -4458*q - 17819. Calculate i(-4).
13
Let f(p) = p**3 - 3*p**2 - 35*p + 96. Calculate f(8).
136
Let y(a) = a**3 + 14*a**2 + 15*a. Calculate y(-13).
-26
Let d(z) = -z**2 + 33*z - 131. What is d(27)?
31
Let q(p) = 4*p**3 - 71*p**2 - 24*p + 112. Determine q(18).
4
Let s(u) = -6*u**2 + 3*u + 20. What is s(2)?
2
Let u(m) = 86*m + 55. Calculate u(-3).
-203
Let s(z) = -215*z + 459. Determine s(2).
29
Let q(v) = 110*v + 9434. Determine q(-84).
194
Let c(w) = -131*w + 1070. Determine c(8).
22
Let i(z) = -4*z**3 + 532*z**2 + 2763*z + 8. Give i(-5).
-7
Let p(z) = z**3 - 5*z**2 - 12*z - 43. Give p(8).
53
Let i(z) = 18*z**2 - 510*z - 79. Calculate i(29).
269
Let z(q) = 31*q - 79. What is z(6)?
107
Let c(y) = y**3 + 110*y**2 + 114*y + 550. Give c(-109).
5
Let a(f) = 8*f**2 + 53*f + 160. Determine a(-3).
73
Let y(s) = -4*s**3 - 14*s**2 - 18*s - 6. Calculate y(-1).
2
Let r(g) = 11*g - 1. Calculate r(3).
32
Let w(r) = r**2 - 8*r - 1725. What is w(46)?
23
Let q(s) = -2*s**3 + 7*s**2 + 27*s + 9. Determine q(6).
-9
Let h(z) = z**3 - 32*z**2 + 129*z + 75. Determine h(27).
-87
Let q(y) = -8*y**2 + 70*y - 31. Determine q(8).
17
Let v(x) = -18*x - 484. Determine v(-22).
-88
Let p(r) = -88*r + 2023. Calculate p(23).
-1
Let i(f) = f**3 - 8*f**2 + 18*f - 37. Give i(6).
-1
Let v(a) = a**3 - 86*a**2 + 1660*a - 397. Calculate v(57).
2
Let r(k) = -501*k - 8532. Calculate r(-17).
-15
Let n(i) = 5775*i - 17337. Determine n(3).
-12
Let h(c) = -865*c + 1774. Determine h(2).
44
Let j(a) = -2*a**3 - a**2 - 38*a - 38. Determine j(-1).
1
Let f(b) = -18*b**2 - 112*b - 19. Give f(-6).
5
Let k(v) = -v**3 + 20*v**2 - v + 65. Calculate k(20).
45
Let s(y) = -45*y + 448. Give s(10).
-2
Let i(o) = -o**3 + 7*o**2 - 4*o - 14. Calculate i(5).
16
Let w(f) = -45*f - 606. Calculate w(-8).
-246
Let x(j) = j**3 + 10*j**2 - 9*j + 17. Determine x(-11).
-5
Let y(q) = -2*q**2 - 43*q + 143. What is y(-23)?
74
Let o(p) = -p**3 + 20*p**2 - 8*p - 43. Calculate o(19).
166
Let f(y) = y**3 + 9*y**2 - 8*y + 11. What is f(-10)?
-9
Let d(z) = -193*z - 1985. Calculate d(-10).
-55
Let s(w) = 2*w**3 - 574*w**2 - 582*w + 1736. What is s(288)?
8
Let f(n) = n**2 - 73*n + 1146. Determine f(50).
-4
Let i(p) = -237*p**3 - p**2 + 2*p + 3. Determine i(-1).
237
Let t(h) = -5*h**3 + 7*h - 33. What is t(0)?
-33
Let x(u) = 18*u**3 + 6*u**2 + 3*u - 8. Determine x(-2).
-134
Let r(j) = 5*j**2 + 85*j - 92. What is r(-18)?
-2
Let z(q) = -56*q + 210. Give z(4).
-14
Let r(u) = -u**2 + 17*u + 5. What is r(15)?
35
Let o(s) = -5*s - 89. Determine o(-21).
16
Let w(c) = 19*c + 60. Give w(0).
60
Let l(m) = -1166*m - 24480. Calculate l(-21).
6
Let j(z) = -2*z**2 + 18*z - 135. What is j(8)?
-119
Let s(z) = z**3 + 4*z**2 + 2*z - 3. What is s(-1)?
-2
Let c(j) = -3676*j**2 + 22052*j + 22. Determine c(6).
-2
Let b(p) = -p**2 + 1768*p + 8855. Give b(-5).
-10
Let q(c) = -2*c**3 - 153*c**2 + 393*c - 143. Give q(-79).
15
Let j(q) = -2*q**2 + 181*q - 2269. Calculate j(15).
-4
Let u(f) = -7*f + 23. Determine u(8).
-33
Let g(c) = c**3 - 76*c**2 - 149*c - 582. Determine g(78).
-36
Let i(b) = -b**3 + 34*b**2 - 312*b - 4. Determine i(18).
-436
Let x(g) = -392*g + 1959. Give x(5).
-1
Let p(r) = -r**3 - 12*r**2 + 23*r + 46. Determine p(-13).
-84
Let s(d) = 2*d**3 + 119*d**2 + 66*d + 78. Calculate s(-59).
-335
Let o(z) = 5611*z - 28051. What is o(5)?
4
Let y(k) = k**2 + 5538*k - 44404. What is y(8)?
-36
Let n(d) = 5*d**3 + 117*d**2 + 47*d + 18. Calculate n(-23).
-5
Let a(c) = 82*c + 965. Determine a(-12).
-19
Let r(p) = 2*p**2 - 11*p - 33. Give r(11).
88
Let k(f) = f**3 + 17*f**2 + 133. Determine k(-16).
389
Let z(q) = q**2 + 20*q + 76. Calculate z(-5).
1
Let q(m) = m**3 - 71*m**2 + 144*m - 433. Give q(69).
-19
Let k(x) = 108*x + 9179. Give k(-85).
-1
Let z(s) = -s**3 - 13*s**2 - 44*s. Give z(-11).
242
Let c(t) = -t**2 + 133*t + 686. Determine c(-5).
-4
Let q(u) = -271*u - 256. What is q(-1)?
15
Let l(i) = 58*i**2 + 2*i + 1. Calculate l(1).
61
Let c(u) = 35*u**3 - 4*u**2 - 13*u + 59. What is c(3)?
929
Let u(y) = -2*y**3 + 70*y**2 - 66*y - 109. Determine u(34).
-41
Let v(r) = 243*r - 1492. Determine v(6).
-34
Let d(t) = -t**2 - 4*t + 54. Determine d(5).
9
Let d(n) = -n**2 - 5*n + 47. What is d(-11)?
-19
Let m(c) = 3*c**2 - 32*c - 405. Determine m(18).
-9
Let t(f) = -f**2 + 551*f - 1661. What is t(3)?
-17
Let t(k) = -198*k - 3158. Give t(-16).
10
Let w(b) = -8*b**2 + 350*b + 80. Determine w(44).
-8
Let l(q) = 119*q + 7275. Give l(-62).
-103
Let h(a) = 29*a**2 + 175*a. What is h(-6)?
-6
Let i(g) = -66*g + 213. Calculate i(3).
15
Let z(t) = -t**3 - 26*t**2 - 184*t - 315. Give z(-6).
69
Let r(w) = 74*w + 218. Determine r(0).
218
Let x(s) = 3*s**3 + 178*s**2 + 68*s + 531. Determine x(-59).
0
Let b(y) = y**3 + 176*y**2 + 75*y - 17467. Give b(-175).
33
Let x(k) = k**2 - 29*k - 1221. What is x(-22)?
-99
Let g(w) = w**3 + 31*w**2 - 67*w - 100. Calculate g(-33).
-67
Let z(d) = d**2 - 165*d + 6293. What is z(60)?
-7
Let m(d) = -144*d - 875. What is m(-6)?
-11
Let p(n) = -65*n + 523. Calculate p(7).
68
Let v(n) = n**2 + 219*n - 219. Determine v(1).
1
Let a(o) = -31*o + 127. What is a(0)?
127
Let h(q) = 10*q + 137. What is h(-6)?
77
Let f(l) = l**2 - 5159*l + 36065. Calculate f(7).
1
Let m(t) = 20*t - 626. Determine m(31).
-6
Let t(l) = 3*l**2 - 26*l + 36. Determine t(5).
-19
Let x(a) = 4*a**3 + 19*a**2 + 2*a - 5. What is x(-5)?
-40
Let p(v) = -187*v + 3596. Give p(18).
230
Let p(o) = -2*o**2 - 32*o + 41. Give p(-5).
151
Let h(g) = 312*g + 13727. What is h(-44)?
-1
Let l(u) = 36*u - 1587. Give l(44).
-3
Let d(n) = 23*n + 873. Determine d(-39).
-24
Let l(t) = -2*t**3 - 9*t**2 + 63*t - 85. Give l(2).
-11
Let s(h) = -5*h**2 + 254*h + 259. What is s(52)?
-53
Let o(a) = -a**2 - 31*a - 186. Give o(-8).
-2
Let a(v) = 17*v + 1. Give a(3).
52
Let a(k) = -213*k + 41. Determine a(-2).
467
Let o(v) = v**3 - 18*v**2 - 35*v + 231. Give o(19).
-73
Let l(g) = -9*g + 119. Calculate l(10).
29
Let c(w) = -3*w**2 + 2*w - 4. Calculate c(-8).
-212
Let b(m) = 99*m - 1231. Give b(12).
-43
Let o(l) = -2*l**2 + 98*l + 182. Give o(58).
-862
Let l(c) = 653*c + 4579. Determine l(-7).
8
Let l(z) = -z**2 - 2*z + 8. What is l(6)?
-40
Let g(j) = 40*j + 192. What is g(-6)?
-48
Let n(g) = -2*g**2 + 46*g - 179. What is n(4)?
-27
Let i(g) = -5*g**2 - 22*g + 3. Determine i(-7).
-88
Let m(n) = 5*n**2 - 84*n - 6